{"id":14160,"date":"2024-04-23T08:44:19","date_gmt":"2024-04-23T11:44:19","guid":{"rendered":"https:\/\/ismsancarlos.cl\/site2\/?page_id=14160"},"modified":"2026-04-29T16:24:47","modified_gmt":"2026-04-29T19:24:47","slug":"centro-de-estudiantes","status":"publish","type":"page","link":"https:\/\/ismsancarlos.cl\/site2\/centro-de-estudiantes\/","title":{"rendered":"Centro de Estudiantes"},"content":{"rendered":"<p>[vc_row][vc_column][stm_title sep_color=\u00bbcustom\u00bb sep_enable=\u00bbtrue\u00bb sep_color_custom=\u00bb#fad900&#8243; title=\u00bbCentro de Estudiantes Instituto Santa Mar\u00eda San Carlos &#8211; CEISMA\u00bb][\/stm_title][\/vc_column][\/vc_row][vc_row][vc_column width=\u00bb7\/12&#8243;][vc_column_text]<span style=\"font-weight: 400;\">El Centro de Estudiantes del Instituto Santa Mar\u00eda de San Carlos (CEISMA) es una organizaci\u00f3n conformada por estudiantes del segundo ciclo del establecimiento, los cuales se rigen por estatutos propios y tienen la responsabilidad de representar al alumnado frente a la comunidad educativa y las dem\u00e1s instituciones de la comuna.<\/span><\/p>\n<p><span style=\"font-weight: 400;\">CEISMA es elegido a trav\u00e9s de un proceso democr\u00e1tico el cual cuenta con la participaci\u00f3n de alumnos desde 7\u00b0 b\u00e1sico a III medio. Las elecciones son organizadas por estudiantes del segundo ciclo que conforman TRICEL, apoyados por Coordinaci\u00f3n de Ciclo y Profesores Asesores correspondientes.<\/span><\/p>\n<p><span style=\"font-weight: 400;\">La misi\u00f3n de CEISMA es representar a los y las estudiantes del establecimiento siendo su voz y conexi\u00f3n frente a la comunidad educativa. Adem\u00e1s, se destaca el trabajo colaborativo con diferentes instituciones p\u00fablicas como el Consejo Consultivo y la Oficina de la Juventud de la Municipalidad de San Carlos. En dichas entidades se realizan actividades con los dem\u00e1s centros de estudiantes de la ciudad, estrechando relaciones de sana convivencia entre los colegios y fortaleciendo los lazos entre pares.<\/span><\/p>\n<p><span style=\"font-weight: 400;\">Entre las responsabilidades de CEISMA se encuentran la organizaci\u00f3n y realizaci\u00f3n de actividades tales como el d\u00eda del alumno, actividades recreativas en preb\u00e1sica y b\u00e1sica, aniversario, consejo escolar y el cumplimiento de sus propuestas presentadas durante el proceso de elecci\u00f3n.<\/span><\/p>\n<p><span style=\"font-weight: 400;\">Como CEISMA estamos comprometidos a organizar, dirigir, apoyar y acompa\u00f1ar a cada uno de los estudiantes en las distintas actividades institucionales, siendo lideres positivos que refuerzan a trav\u00e9s de los valores de Mary Ward, Justicia, Verdad, Libertad y alegr\u00eda, el compa\u00f1erismo, la solidaridad y el buen vivir en nuestra comunidad Insama.<\/span>[\/vc_column_text][\/vc_column][vc_column width=\u00bb5\/12&#8243;][stm_single_image][\/vc_column][\/vc_row][vc_row full_width=\u00bbstretch_row\u00bb css=\u00bb.vc_custom_1648209968833{background-color: #ffffff !important;}\u00bb][vc_column][stm_spacing lg_spacing=\u00bb40px\u00bb][\/vc_column][\/vc_row][vc_row][vc_column][\/vc_column][\/vc_row][vc_row][vc_column width=\u00bb1\/3&#8243;][stm_single_image img_alignment=\u00bbcenter\u00bb img_id=\u00bb15651&#8243; img_size=\u00bblarge\u00bb][stm_text_box stm_bg_color=\u00bbcustom\u00bb title=\u00bbJosefina Soto Falc\u00f3n\u00bb title_font_size=\u00bb16px\u00bb title_line_height=\u00bb18px\u00bb title_margin_b=\u00bb10px\u00bb]Presidenta[\/stm_text_box][\/vc_column][vc_column width=\u00bb1\/3&#8243;][stm_single_image img_alignment=\u00bbcenter\u00bb img_size=\u00bb520&#215;320&#8243;][stm_text_box stm_bg_color=\u00bbcustom\u00bb title=\u00bbPablo Z\u00fa\u00f1iga Ulloa\u00bb title_font_size=\u00bb16px\u00bb title_line_height=\u00bb18px\u00bb title_margin_b=\u00bb10px\u00bb]Vice-Presidente[\/stm_text_box][\/vc_column][vc_column width=\u00bb1\/3&#8243;][stm_single_image img_alignment=\u00bbcenter\u00bb img_id=\u00bb15649&#8243; img_size=\u00bblarge\u00bb][stm_text_box stm_bg_color=\u00bbcustom\u00bb title=\u00bbAugusto Cort\u00e9s Villar\u00bb title_font_size=\u00bb16px\u00bb title_line_height=\u00bb18px\u00bb title_margin_b=\u00bb10px\u00bb]Secretario de Actas[\/stm_text_box][\/vc_column][\/vc_row][vc_row][vc_column width=\u00bb1\/3&#8243;][stm_single_image img_alignment=\u00bbcenter\u00bb img_id=\u00bb15653&#8243; img_size=\u00bb520&#215;320&#8243;][stm_text_box stm_bg_color=\u00bbcustom\u00bb title=\u00bbMatilde Medel Bravo\u00bb title_font_size=\u00bb16px\u00bb title_line_height=\u00bb18px\u00bb title_margin_b=\u00bb10px\u00bb]Secretaria de Finanzas[\/stm_text_box][\/vc_column][vc_column width=\u00bb1\/3&#8243;][stm_single_image img_alignment=\u00bbcenter\u00bb img_id=\u00bb15652&#8243; img_size=\u00bblarge\u00bb][stm_text_box stm_bg_color=\u00bbcustom\u00bb title=\u00bbJuan Pablo Santander M\u00e9ndez\u00bb title_font_size=\u00bb16px\u00bb title_line_height=\u00bb18px\u00bb title_margin_b=\u00bb10px\u00bb]Delegado Medioambiental[\/stm_text_box][\/vc_column][vc_column width=\u00bb1\/3&#8243;][stm_single_image img_alignment=\u00bbcenter\u00bb img_id=\u00bb15654&#8243; img_size=\u00bblarge\u00bb][stm_text_box stm_bg_color=\u00bbcustom\u00bb title=\u00bbMayra Mercado Soto\u00bb title_font_size=\u00bb16px\u00bb title_line_height=\u00bb18px\u00bb title_margin_b=\u00bb10px\u00bb]Delegada Pastoral[\/stm_text_box][\/vc_column][\/vc_row][vc_row][vc_column width=\u00bb1\/3&#8243;][stm_single_image img_alignment=\u00bbcenter\u00bb img_id=\u00bb15650&#8243; img_size=\u00bb520&#215;320&#8243;][stm_text_box stm_bg_color=\u00bbcustom\u00bb title=\u00bbCatalina Uribe Leiva\u00bb title_font_size=\u00bb16px\u00bb title_line_height=\u00bb18px\u00bb title_margin_b=\u00bb10px\u00bb]Delegada de Deportes[\/stm_text_box][\/vc_column][vc_column width=\u00bb1\/3&#8243;][stm_single_image img_alignment=\u00bbcenter\u00bb img_size=\u00bb520&#215;320&#8243; img_id=\u00bb19007&#8243;][stm_text_box stm_bg_color=\u00bbcustom\u00bb title=\u00bbJoaqu\u00edn Abarca Vidal\u00bb title_font_size=\u00bb16px\u00bb title_line_height=\u00bb18px\u00bb title_margin_b=\u00bb10px\u00bb]Delegado Art\u00edstico[\/stm_text_box][\/vc_column][vc_column width=\u00bb1\/3&#8243;][stm_single_image img_alignment=\u00bbcenter\u00bb img_size=\u00bb520&#215;320&#8243; img_id=\u00bb19006&#8243;][stm_text_box stm_bg_color=\u00bbcustom\u00bb title=\u00bbAmaya Riquelme Mu\u00f1oz\u00bb title_font_size=\u00bb16px\u00bb title_line_height=\u00bb18px\u00bb title_margin_b=\u00bb10px\u00bb]Vocera[\/stm_text_box][\/vc_column][\/vc_row]<\/p>\n","protected":false},"excerpt":{"rendered":"<p>[vc_row][vc_column][stm_title sep_color=\u00bbcustom\u00bb sep_enable=\u00bbtrue\u00bb sep_color_custom=\u00bb#fad900&#8243; title=\u00bbCentro de Estudiantes Instituto Santa Mar\u00eda San Carlos &#8211; CEISMA\u00bb][\/stm_title][\/vc_column][\/vc_row][vc_row][vc_column width=\u00bb7\/12&#8243;][vc_column_text]El Centro de Estudiantes del Instituto Santa Mar\u00eda de San Carlos (CEISMA) es una organizaci\u00f3n conformada por estudiantes del segundo ciclo del establecimiento, los cuales se rigen por estatutos propios y tienen la responsabilidad de representar al alumnado frente a la [&hellip;]<\/p>\n","protected":false},"author":1,"featured_media":0,"parent":0,"menu_order":0,"comment_status":"closed","ping_status":"closed","template":"","meta":{"_price":"","_stock":"","_tribe_ticket_header":"","_tribe_default_ticket_provider":"","_tribe_ticket_capacity":"0","_ticket_start_date":"","_ticket_end_date":"","_tribe_ticket_show_description":"","_tribe_ticket_show_not_going":false,"_tribe_ticket_use_global_stock":"","_tribe_ticket_global_stock_level":"","_global_stock_mode":"","_global_stock_cap":"","_tribe_rsvp_for_event":"","_tribe_ticket_going_count":"","_tribe_ticket_not_going_count":"","_tribe_tickets_list":"[]","_tribe_ticket_has_attendee_info_fields":false,"footnotes":"","_tec_slr_enabled":"","_tec_slr_layout":""},"class_list":["post-14160","page","type-page","status-publish","hentry"],"yoast_head":"<!-- This site is optimized with the Yoast SEO plugin v25.6 - https:\/\/yoast.com\/wordpress\/plugins\/seo\/ -->\n<title>Centro de Estudiantes | Instituto Santa Mar\u00eda - San Carlos<\/title>\n<meta name=\"robots\" content=\"index, follow, max-snippet:-1, max-image-preview:large, max-video-preview:-1\" \/>\n<link rel=\"canonical\" href=\"https:\/\/ismsancarlos.cl\/site2\/centro-de-estudiantes\/\" \/>\n<meta property=\"og:locale\" content=\"es_ES\" \/>\n<meta property=\"og:type\" content=\"article\" \/>\n<meta property=\"og:title\" content=\"Centro de Estudiantes | Instituto Santa Mar\u00eda - San Carlos\" \/>\n<meta property=\"og:description\" content=\"[vc_row][vc_column][stm_title sep_color=\u00bbcustom\u00bb sep_enable=\u00bbtrue\u00bb sep_color_custom=\u00bb#fad900&#8243; title=\u00bbCentro de Estudiantes Instituto Santa Mar\u00eda San Carlos &#8211; CEISMA\u00bb][\/stm_title][\/vc_column][\/vc_row][vc_row][vc_column width=\u00bb7\/12&#8243;][vc_column_text]El Centro de Estudiantes del Instituto Santa Mar\u00eda de San Carlos (CEISMA) es una organizaci\u00f3n conformada por estudiantes del segundo ciclo del establecimiento, los cuales se rigen por estatutos propios y tienen la responsabilidad de representar al alumnado frente a la [&hellip;]\" \/>\n<meta property=\"og:url\" content=\"https:\/\/ismsancarlos.cl\/site2\/centro-de-estudiantes\/\" \/>\n<meta property=\"og:site_name\" content=\"Instituto Santa Mar\u00eda - San Carlos\" \/>\n<meta property=\"article:publisher\" content=\"https:\/\/www.facebook.com\/insamach\" \/>\n<meta property=\"article:modified_time\" content=\"2026-04-29T19:24:47+00:00\" \/>\n<meta name=\"twitter:card\" content=\"summary_large_image\" \/>\n<meta name=\"twitter:label1\" content=\"Tiempo de lectura\" \/>\n\t<meta name=\"twitter:data1\" content=\"4 minutos\" \/>\n<script type=\"application\/ld+json\" class=\"yoast-schema-graph\">{\"@context\":\"https:\/\/schema.org\",\"@graph\":[{\"@type\":\"WebPage\",\"@id\":\"https:\/\/ismsancarlos.cl\/site2\/centro-de-estudiantes\/\",\"url\":\"https:\/\/ismsancarlos.cl\/site2\/centro-de-estudiantes\/\",\"name\":\"Centro de Estudiantes | Instituto Santa Mar\u00eda - San Carlos\",\"isPartOf\":{\"@id\":\"https:\/\/ismsancarlos.cl\/site2\/#website\"},\"datePublished\":\"2024-04-23T11:44:19+00:00\",\"dateModified\":\"2026-04-29T19:24:47+00:00\",\"breadcrumb\":{\"@id\":\"https:\/\/ismsancarlos.cl\/site2\/centro-de-estudiantes\/#breadcrumb\"},\"inLanguage\":\"es\",\"potentialAction\":[{\"@type\":\"ReadAction\",\"target\":[\"https:\/\/ismsancarlos.cl\/site2\/centro-de-estudiantes\/\"]}]},{\"@type\":\"BreadcrumbList\",\"@id\":\"https:\/\/ismsancarlos.cl\/site2\/centro-de-estudiantes\/#breadcrumb\",\"itemListElement\":[{\"@type\":\"ListItem\",\"position\":1,\"name\":\"Portada\",\"item\":\"https:\/\/ismsancarlos.cl\/site2\/\"},{\"@type\":\"ListItem\",\"position\":2,\"name\":\"Centro de Estudiantes\"}]},{\"@type\":\"WebSite\",\"@id\":\"https:\/\/ismsancarlos.cl\/site2\/#website\",\"url\":\"https:\/\/ismsancarlos.cl\/site2\/\",\"name\":\"Instituto Santa Mar\u00eda - San Carlos\",\"description\":\"&quot;Aprender m\u00e1s para servir mejor&quot;\",\"publisher\":{\"@id\":\"https:\/\/ismsancarlos.cl\/site2\/#organization\"},\"potentialAction\":[{\"@type\":\"SearchAction\",\"target\":{\"@type\":\"EntryPoint\",\"urlTemplate\":\"https:\/\/ismsancarlos.cl\/site2\/?s={search_term_string}\"},\"query-input\":{\"@type\":\"PropertyValueSpecification\",\"valueRequired\":true,\"valueName\":\"search_term_string\"}}],\"inLanguage\":\"es\"},{\"@type\":\"Organization\",\"@id\":\"https:\/\/ismsancarlos.cl\/site2\/#organization\",\"name\":\"Instituto Santa Mar\u00eda Chill\u00e1n\",\"url\":\"https:\/\/ismsancarlos.cl\/site2\/\",\"logo\":{\"@type\":\"ImageObject\",\"inLanguage\":\"es\",\"@id\":\"https:\/\/ismsancarlos.cl\/site2\/#\/schema\/logo\/image\/\",\"url\":\"https:\/\/ismchillan.cl\/site\/wp-content\/uploads\/2021\/02\/logo-ISM-Chillan.png\",\"contentUrl\":\"https:\/\/ismchillan.cl\/site\/wp-content\/uploads\/2021\/02\/logo-ISM-Chillan.png\",\"width\":746,\"height\":228,\"caption\":\"Instituto Santa Mar\u00eda Chill\u00e1n\"},\"image\":{\"@id\":\"https:\/\/ismsancarlos.cl\/site2\/#\/schema\/logo\/image\/\"},\"sameAs\":[\"https:\/\/www.facebook.com\/insamach\",\"https:\/\/www.instagram.com\/ism_chillan\/?hl=es-la\",\"https:\/\/www.youtube.com\/channel\/UCU8IW1d8akOJJTePPCCMjjA\"]}]}<\/script>\n<!-- \/ Yoast SEO plugin. -->","yoast_head_json":{"title":"Centro de Estudiantes | Instituto Santa Mar\u00eda - San Carlos","robots":{"index":"index","follow":"follow","max-snippet":"max-snippet:-1","max-image-preview":"max-image-preview:large","max-video-preview":"max-video-preview:-1"},"canonical":"https:\/\/ismsancarlos.cl\/site2\/centro-de-estudiantes\/","og_locale":"es_ES","og_type":"article","og_title":"Centro de Estudiantes | Instituto Santa Mar\u00eda - San Carlos","og_description":"[vc_row][vc_column][stm_title sep_color=\u00bbcustom\u00bb sep_enable=\u00bbtrue\u00bb sep_color_custom=\u00bb#fad900&#8243; title=\u00bbCentro de Estudiantes Instituto Santa Mar\u00eda San Carlos &#8211; CEISMA\u00bb][\/stm_title][\/vc_column][\/vc_row][vc_row][vc_column width=\u00bb7\/12&#8243;][vc_column_text]El Centro de Estudiantes del Instituto Santa Mar\u00eda de San Carlos (CEISMA) es una organizaci\u00f3n conformada por estudiantes del segundo ciclo del establecimiento, los cuales se rigen por estatutos propios y tienen la responsabilidad de representar al alumnado frente a la [&hellip;]","og_url":"https:\/\/ismsancarlos.cl\/site2\/centro-de-estudiantes\/","og_site_name":"Instituto Santa Mar\u00eda - San Carlos","article_publisher":"https:\/\/www.facebook.com\/insamach","article_modified_time":"2026-04-29T19:24:47+00:00","twitter_card":"summary_large_image","twitter_misc":{"Tiempo de lectura":"4 minutos"},"schema":{"@context":"https:\/\/schema.org","@graph":[{"@type":"WebPage","@id":"https:\/\/ismsancarlos.cl\/site2\/centro-de-estudiantes\/","url":"https:\/\/ismsancarlos.cl\/site2\/centro-de-estudiantes\/","name":"Centro de Estudiantes | Instituto Santa Mar\u00eda - San Carlos","isPartOf":{"@id":"https:\/\/ismsancarlos.cl\/site2\/#website"},"datePublished":"2024-04-23T11:44:19+00:00","dateModified":"2026-04-29T19:24:47+00:00","breadcrumb":{"@id":"https:\/\/ismsancarlos.cl\/site2\/centro-de-estudiantes\/#breadcrumb"},"inLanguage":"es","potentialAction":[{"@type":"ReadAction","target":["https:\/\/ismsancarlos.cl\/site2\/centro-de-estudiantes\/"]}]},{"@type":"BreadcrumbList","@id":"https:\/\/ismsancarlos.cl\/site2\/centro-de-estudiantes\/#breadcrumb","itemListElement":[{"@type":"ListItem","position":1,"name":"Portada","item":"https:\/\/ismsancarlos.cl\/site2\/"},{"@type":"ListItem","position":2,"name":"Centro de Estudiantes"}]},{"@type":"WebSite","@id":"https:\/\/ismsancarlos.cl\/site2\/#website","url":"https:\/\/ismsancarlos.cl\/site2\/","name":"Instituto Santa Mar\u00eda - San Carlos","description":"&quot;Aprender m\u00e1s para servir mejor&quot;","publisher":{"@id":"https:\/\/ismsancarlos.cl\/site2\/#organization"},"potentialAction":[{"@type":"SearchAction","target":{"@type":"EntryPoint","urlTemplate":"https:\/\/ismsancarlos.cl\/site2\/?s={search_term_string}"},"query-input":{"@type":"PropertyValueSpecification","valueRequired":true,"valueName":"search_term_string"}}],"inLanguage":"es"},{"@type":"Organization","@id":"https:\/\/ismsancarlos.cl\/site2\/#organization","name":"Instituto Santa Mar\u00eda Chill\u00e1n","url":"https:\/\/ismsancarlos.cl\/site2\/","logo":{"@type":"ImageObject","inLanguage":"es","@id":"https:\/\/ismsancarlos.cl\/site2\/#\/schema\/logo\/image\/","url":"https:\/\/ismchillan.cl\/site\/wp-content\/uploads\/2021\/02\/logo-ISM-Chillan.png","contentUrl":"https:\/\/ismchillan.cl\/site\/wp-content\/uploads\/2021\/02\/logo-ISM-Chillan.png","width":746,"height":228,"caption":"Instituto Santa Mar\u00eda Chill\u00e1n"},"image":{"@id":"https:\/\/ismsancarlos.cl\/site2\/#\/schema\/logo\/image\/"},"sameAs":["https:\/\/www.facebook.com\/insamach","https:\/\/www.instagram.com\/ism_chillan\/?hl=es-la","https:\/\/www.youtube.com\/channel\/UCU8IW1d8akOJJTePPCCMjjA"]}]}},"ticketed":false,"_links":{"self":[{"href":"https:\/\/ismsancarlos.cl\/site2\/wp-json\/wp\/v2\/pages\/14160","targetHints":{"allow":["GET"]}}],"collection":[{"href":"https:\/\/ismsancarlos.cl\/site2\/wp-json\/wp\/v2\/pages"}],"about":[{"href":"https:\/\/ismsancarlos.cl\/site2\/wp-json\/wp\/v2\/types\/page"}],"author":[{"embeddable":true,"href":"https:\/\/ismsancarlos.cl\/site2\/wp-json\/wp\/v2\/users\/1"}],"replies":[{"embeddable":true,"href":"https:\/\/ismsancarlos.cl\/site2\/wp-json\/wp\/v2\/comments?post=14160"}],"version-history":[{"count":16,"href":"https:\/\/ismsancarlos.cl\/site2\/wp-json\/wp\/v2\/pages\/14160\/revisions"}],"predecessor-version":[{"id":19008,"href":"https:\/\/ismsancarlos.cl\/site2\/wp-json\/wp\/v2\/pages\/14160\/revisions\/19008"}],"wp:attachment":[{"href":"https:\/\/ismsancarlos.cl\/site2\/wp-json\/wp\/v2\/media?parent=14160"}],"curies":[{"name":"wp","href":"https:\/\/api.w.org\/{rel}","templated":true}]}}